on divisor of 56 and 125636?
28
Calculate the greatest common factor of 121 and 88605.
11
What is the highest common divisor of 195201 and 7749?
369
What is the highest common divisor of 1108 and 2397158?
554
Calculate the greatest common divisor of 469134 and 3890.
778
What is the highest common factor of 421 and 168400?
421
Calculate the greatest common divisor of 3973 and 411.
137
Calculate the highest common divisor of 108 and 4.
4
What is the greatest common factor of 3 and 480219?
3
Calculate the greatest common factor of 2356 and 114.
38
Calculate the highest common divisor of 7 and 816592.
7
Calculate the greatest common divisor of 2261551 and 6327.
703
What is the highest common factor of 2 and 6346?
2
Calculate the greatest common divisor of 583 and 88033.
583
Calculate the highest common divisor of 2239248 and 528.
528
Calculate the greatest common factor of 23 and 8190829.
23
Calculate the highest common factor of 21 and 29409.
3
Calculate the highest common factor of 4050 and 5150.
50
Calculate the greatest common divisor of 2020 and 18280.
20
Calculate the greatest common divisor of 14520 and 7340.
20
What is the greatest common factor of 444 and 36186?
222
Calculate the greatest common factor of 592 and 666.
74
What is the highest common divisor of 132 and 4660?
4
Calculate the greatest common factor of 14 and 805378.
14
Calculate the highest common factor of 40768 and 70928.
208
Calculate the highest common factor of 8128 and 1112.
8
What is the highest common factor of 6120 and 10890?
90
Calculate the highest common factor of 224595 and 7161.
651
Calculate the greatest common divisor of 194950 and 25.
25
Calculate the highest common factor of 697 and 7710911.
697
What is the highest common factor of 66 and 365706?
66
Calculate the highest common factor of 1767 and 17949.
93
Calculate the greatest common factor of 510 and 127330.
170
Calculate the greatest common divisor of 1469 and 16185.
13
What is the greatest common factor of 6544 and 5317?
409
What is the highest common factor of 3534573 and 42?
21
Calculate the greatest common factor of 2 and 39216.
2
What is the greatest common divisor of 7982 and 5252?
26
What is the greatest common factor of 450 and 3798?
18
What is the highest common factor of 595935 and 102?
51
What is the highest common divisor of 18 and 1932?
6
Calculate the highest common factor of 19 and 61883.
19
Calculate the highest common factor of 590 and 1120.
10
What is the highest common divisor of 342873 and 918?
459
What is the highest common divisor of 270 and 90018?
54
Calculate the greatest common divisor of 31000 and 61225.
775
What is the highest common factor of 47672 and 236?
236
Calculate the greatest common divisor of 284054 and 218.
218
What is the highest common factor of 2255 and 108691?
451
Calculate the highest common factor of 9 and 4941945.
9
Calculate the greatest common divisor of 894 and 185654.
298
What is the highest common factor of 4512 and 1833?
141
Calculate the highest common factor of 678 and 1776.
6
Calculate the highest common factor of 124824 and 840.
168
Calculate the highest common factor of 639 and 2911.
71
Calculate the highest common factor of 25746 and 378.
42
Calculate the greatest common divisor of 440 and 127120.
40
Calculate the greatest common factor of 76258 and 3771.
419
Calculate the greatest common factor of 45 and 1445.
5
Calculate the greatest common factor of 526 and 210.
2
Calculate the greatest common divisor of 15760 and 1936.
16
What is the greatest common factor of 777 and 592?
37
Calculate the greatest common factor of 583 and 80719.
53
What is the highest common divisor of 1068 and 1249026?
534
What is the highest common factor of 19145 and 826517?
547
Calculate the greatest common factor of 266 and 7353.
19
What is the highest common divisor of 448 and 138712?
56
Calculate the greatest common factor of 4495 and 133765.
155
What is the highest common factor of 27945 and 1080?
135
What is the greatest common divisor of 14381612 and 14?
14
What is the greatest common divisor of 537066 and 9?
9
What is the greatest common factor of 837910 and 10?
10
Calculate the highest common divisor of 3875 and 2375.
125
What is the greatest common factor of 85 and 80971?
17
Calculate the greatest common divisor of 27 and 26492373.
27
Calculate the highest common factor of 1281 and 483.
21
Calculate the highest common factor of 63747 and 162.
81
Calculate the greatest common divisor of 592 and 103304.
296
What is the greatest common divisor of 257920 and 1550?
310
Calculate the highest common divisor of 54671 and 115.
23
Calculate the highest common divisor of 552 and 56120.
184
Calculate the greatest common divisor of 214812 and 39.
39
Calculate the greatest common divisor of 22076 and 4.
4
What is the greatest common factor of 26 and 148434?
26
What is the highest common factor of 75699 and 2588?
647
What is the greatest common divisor of 6696 and 81096?
744
Calculate the highest common divisor of 306 and 153578.
34
What is the greatest common factor of 3878 and 280?
14
What is the highest common divisor of 1467 and 2007?
9
What is the highest common factor of 3500 and 3045?
35
Calculate the highest common divisor of 71316 and 180.
36
What is the highest common divisor of 6592 and 37904?
1648
What is the highest common factor of 3507 and 2352?
21
What is the greatest common divisor of 4466 and 653312?
638
Calculate the greatest common divisor of 55608 and 42.
42
Calculate the greatest common factor of 200 and 9025.
25
Calculate the greatest common divisor of 1878285 and 15.
15
Calculate the highest common factor of 3382 and 801.
89
Calculate the highest common divisor of 16 and 1075376.
16
Calculate the highest common factor of 8632 and 5644.
332
What is the greatest common factor of 39 and 555022?
13
What is the highest common divisor of 25662 and 112?
14
Calculate the highest common divisor of 4626491 and 10195.
2039
What is the highest common divisor of 84720 and 16080?
240
Calculate the greatest common divisor of 68 and 71044.
4
Calculate the greatest common divisor of 52312 and 3692.
52
What is the greatest common factor of 5840 and 3440?
80
What is the greatest common divisor of 927485 and 2470?
1235
Calculate the greatest common factor of 7695 and 14706.
171
Calculate the greatest common divisor of 425456 and 64.
16
Calculate the greatest common factor of 1686 and 2238.
6
Calculate the highest common divisor of 6273 and 408.
51
What is the highest common factor of 18710 and 60?
10
What is the greatest common divisor of 56 and 2847502?
14
What is the highest common factor of 456 and 2832?
24
What is the highest common factor of 238 and 589190?
14
Calculate the greatest common factor of 7240 and 20520.
40
Calculate the greatest common divisor of 3588 and 619827.
897
What is the highest common divisor of 33101 and 6704?
419
What is the greatest common divisor of 490 and 90846?
98
What is the greatest common factor of 73047 and 13?
13
Calculate the greatest common divisor of 30033 and 142.
71
What is the highest common divisor of 6555 and 18525?
285
What is the highest common factor of 4056 and 7943?
169
Calculate the greatest common divisor of 36 and 1093671.
9
Calculate the greatest common factor of 29103 and 267.
267
What is the greatest common divisor of 18634 and 7502?
242
Calculate the highest common divisor of 365482 and 13.
13
Calculate the greatest common divisor of 2723 and 161.
7
Calculate the highest common factor of 136086 and 444.
222
What is the greatest common factor of 5472 and 736?
32
Calculate the highest common divisor of 81 and 467991.
27
Calculate the highest common factor of 3 and 117771.
3
Calculate the highest common divisor of 160 and 2458800.
80
What is the greatest common divisor of 385 and 159635?
35
What is the greatest common factor of 120 and 23370?
30
What is the greatest common divisor of 8382 and 2244?
66
Calculate the highest common divisor of 632 and 6784.
8
What is the greatest common divisor of 18360 and 7548?
204
Calculate the greatest common factor of 15691 and 323.
17
What is the greatest common factor of 442 and 6552?
26
What is the highest common factor of 146432 and 192?
64
What is the highest common factor of 5